t of 232096389?
9
What is the ten millions digit of 4602673362?
0
What is the units digit of 1734367121?
1
What is the tens digit of 999823429?
2
What is the millions digit of 12928131?
2
What is the hundred millions digit of 5189039429?
1
What is the units digit of 78207387?
7
What is the ten millions digit of 5613291430?
1
What is the ten millions digit of 60808439?
6
What is the hundreds digit of 591556659?
6
What is the hundreds digit of 2255840539?
5
What is the hundreds digit of 38683290?
2
What is the thousands digit of 124618572?
8
What is the billions digit of 2356675115?
2
What is the ten millions digit of 595592790?
9
What is the thousands digit of 375454740?
4
What is the hundred millions digit of 2907428251?
9
What is the hundred thousands digit of 2182555?
1
What is the ten thousands digit of 365425760?
2
What is the ten thousands digit of 48932894?
3
What is the tens digit of 5561034662?
6
What is the thousands digit of 101407350?
7
What is the ten millions digit of 90704981?
9
What is the hundreds digit of 5051662101?
1
What is the ten thousands digit of 1598476697?
7
What is the units digit of 197230959?
9
What is the tens digit of 422441665?
6
What is the thousands digit of 3165110970?
0
What is the hundred millions digit of 252920233?
2
What is the thousands digit of 14082586?
2
What is the units digit of 349874279?
9
What is the hundred millions digit of 4529262729?
5
What is the ten thousands digit of 69346186?
4
What is the millions digit of 370397606?
0
What is the units digit of 327189724?
4
What is the hundreds digit of 28832470?
4
What is the tens digit of 26745647?
4
What is the hundreds digit of 4578798?
7
What is the units digit of 121361943?
3
What is the tens digit of 121658873?
7
What is the hundreds digit of 822951079?
0
What is the thousands digit of 56846166?
6
What is the millions digit of 103333185?
3
What is the ten millions digit of 1779997772?
7
What is the ten thousands digit of 1247857316?
5
What is the thousands digit of 355347313?
7
What is the ten millions digit of 145968347?
4
What is the ten thousands digit of 54894769?
9
What is the tens digit of 397732810?
1
What is the ten millions digit of 240571610?
4
What is the hundred millions digit of 178645286?
1
What is the ten millions digit of 64579057?
6
What is the ten thousands digit of 1089935509?
3
What is the millions digit of 93815381?
3
What is the thousands digit of 335236174?
6
What is the ten millions digit of 2192412476?
9
What is the ten millions digit of 131628029?
3
What is the ten millions digit of 659017748?
5
What is the hundred thousands digit of 4108451968?
4
What is the hundred thousands digit of 102513130?
5
What is the millions digit of 1013102424?
3
What is the millions digit of 39423255?
9
What is the millions digit of 40401825?
0
What is the hundred thousands digit of 542077126?
0
What is the billions digit of 3450288230?
3
What is the hundred millions digit of 122876717?
1
What is the units digit of 15155985?
5
What is the hundreds digit of 402678046?
0
What is the millions digit of 3616268319?
6
What is the hundred thousands digit of 47498809?
4
What is the billions digit of 8584369663?
8
What is the units digit of 3660710?
0
What is the ten millions digit of 89831669?
8
What is the thousands digit of 224252272?
2
What is the millions digit of 3928493?
3
What is the millions digit of 46240209?
6
What is the millions digit of 18299641?
8
What is the thousands digit of 15697497?
7
What is the thousands digit of 2342243366?
3
What is the hundreds digit of 1706110?
1
What is the thousands digit of 230193539?
3
What is the hundred millions digit of 820334684?
8
What is the hundred millions digit of 260595892?
2
What is the thousands digit of 155008621?
8
What is the thousands digit of 90943571?
3
What is the ten thousands digit of 3216412661?
1
What is the hundreds digit of 132603580?
5
What is the millions digit of 172648944?
2
What is the hundred thousands digit of 78176189?
1
What is the hundred thousands digit of 1126762341?
7
What is the tens digit of 1927541726?
2
What is the millions digit of 43954089?
3
What is the hundred millions digit of 2567326631?
5
What is the hundred thousands digit of 91710023?
7
What is the ten thousands digit of 290445554?
4
What is the billions digit of 2052507486?
2
What is the ten millions digit of 41597642?
4
What is the tens digit of 286900627?
2
What is the tens digit of 1622584315?
1
What is the millions digit of 59316080?
9
What is the ten millions digit of 40824940?
4
What is the units digit of 249033898?
8
What is the hundreds digit of 31034814?
8
What is the hundred thousands digit of 2467178732?
1
What is the ten thousands digit of 131882845?
8
What is the millions digit of 226173309?
6
What is the hundred millions digit of 1508162378?
5
What is the millions digit of 966977760?
6
What is the tens digit of 310421892?
9
What is the millions digit of 57162596?
7
What is the units digit of 1455336617?
7
What is the units digit of 921415623?
3
What is the tens digit of 495760796?
9
What is the hundred millions digit of 1558060742?
5
What is the tens digit of 465983678?
7
What is the hundred thousands digit of 118786986?
7
What is the millions digit of 13629736?
3
What is the units digit of 75941945?
5
What is the ten millions digit of 63060493?
6
What is the hundreds digit of 310726884?
8
What is the units digit of 18656181?
1
What is the hundred millions digit of 199989629?
1
What is the tens digit of 318466174?
7
What is the ten millions digit of 5644833448?
4
What is the tens digit of 586617216?
1
What is the billions digit of 5577945480?
5
What is the hundreds digit of 1879742161?
1
What is the ten millions digit of 137511823?
3
What is the units digit of 23023360?
0
What is the hundred thousands digit of 31996065?
9
What is the tens digit of 629442828?
2
What is the hundred thousands digit of 2044434800?
4
What is the hundred millions digit of 382832669?
3
What is the hundred millions digit of 4842530882?
8
What is the units digit of 1153247695?
5
What is the ten millions digit of 94524121?
9
What is the hundred millions digit of 338436362?
3
What is the units digit of 1150077427?
7
What is the units digit of 160445568?
8
What is the millions digit of 59462764?
9
What is the ten thousands digit of 198872772?
7
What is the hundreds digit of 3812932096?
0
What is the hundreds digit of 186121464?
4
What is the hundred millions digit of 894005030?
8
What is the millions digit of 2939290042?
9
What is the billions digit of 1701277758?
1
What is the hundred millions digit of 212273731?
2
What is the hundred millions digit of 3869674612?
8
What is the hundred thousands digit of 4520316883?
3
What is the billions digit of 1026582987?
1
What is the hundred millions digit of 1569192770?
5
What is the millions digit of 7245859879?
5
What is the millions digit of 80916049?
0
What is the units digit of 200137563?
3
What is the thousands digit of 1760757066?
7
What is the units digit of 1202347778?
8
What is the hundreds digit of 106972059?
0
What is the tens digit of 1797394111?
1
What is the ten millions digit of 287152577?
8
What is the tens digit of 2352700945?
4
What is the thousands digit of 97698499?
8
What is the hundred thousands digit of 65403405?
4
What is the ten thousands digit of 374646715?
4
What is the millions digit of 6598091?
6
What is the hundred thousands digit of 222229717?
2
What is the hundred millions digit of 6097275753?
0
What is the hundreds digit of 361060004?
0
What is the hundred millions digit of 2340228124?
3
What is the units digit of 39356897?
7
What is the ten millions digit of 213349069?
1
What is the ten millions digit of 182038007?
8
What is the hundreds digit of 149608320?
3
What is the ten thousands digit of 63260486?
6
What is the tens digit of 648299393?
9
What is the hundred thousands digit of 15740425?
7
What is the hundred thousands digit of 2441256828?
2
What is the thousands digit of 45889224?
9
What is the ten millions digit of 98663417?
9
What is the ten millions digit of 652739187?
5
What is the hundred thousands digit of 318731057?
7
What is the ten thousands digit of 388737470?
3
What is the ten thousands digit of 292267381?
6
What is the 